of k.
3, 7
Let f(l) = 2*l**2 - 5*l - 14. Let g(t) = -2*t**3 - 2*t**2 + 1. Let s be g(-2). What are the prime factors of f(s)?
103
Suppose -2245 = -2*l + 1113. What are the prime factors of l?
23, 73
Let j(t) = 2*t**3 - 8*t**2 + 5*t + 3. Suppose -2*s + k + 11 = 0, -4*s - 2*k + 8 = -2*s. What are the prime factors of j(s)?
2, 3, 13
Let u(c) be the first derivative of 2*c**3 + c**2 - c + 1. Let f(t) = -t**2 + 6*t + 9. Let h be f(7). What are the prime factors of u(h)?
3
Let b(i) = 2*i**2 - 11*i + 1764. List the prime factors of b(0).
2, 3, 7
Let m = -696 + 1620. List the prime factors of m.
2, 3, 7, 11
Let g(o) = 10*o**2 - 31*o + 29. What are the prime factors of g(8)?
421
Let k = 25 + -53. Let r = -14 - k. What are the prime factors of r?
2, 7
Let i = 0 - -8. Let o(k) = 9*k + 5. Let j be o(i). Suppose j = 2*z + z - 5*r, -z + 5*r = -39. List the prime factors of z.
19
Let y(b) = 466*b - 165. What are the prime factors of y(3)?
3, 137
Suppose -7*c + 1959 = -1121. What are the prime factors of c?
2, 5, 11
Let m = -38 + 38. Suppose m = -2*p + 6*p - 156. List the prime factors of p.
3, 13
Let p = -9 + 3. Let n be -15 + ((-8)/2 - -3). Let t = p - n. List the prime factors of t.
2, 5
Suppose -d - 5*y = -29, 0 = -y + 2*y - 5. Suppose 3*h + 2 = -o + h, 4 = o - d*h. Suppose -7*a + 42 = -o*a. What are the prime factors of a?
2, 3
Suppose -3*l + 4*b + 26 = 0, -3*l + 6*l = 5*b + 31. Let j(p) = 1 - p + 2*p + l*p + p. List the prime factors of j(4).
17
Suppose 3*p + 8 = 5*b - 3, 4*b + 3*p = 25. Suppose 0*s - 92 = -b*s. What are the prime factors of s?
23
Let f be 29 - -6 - (2 + -1). Let q = f - 21. What are the prime factors of q?
13
Let g be 2/5 - 511/(-35). Suppose 4*d - 10 - g = -a, 3*a - 75 = d. What are the prime factors of a?
5
Let o(r) be the first derivative of -r**3/3 + 6*r**2 - 8*r + 2. Suppose m = 5*p - 31, 0 = 5*m - 1 + 6. List the prime factors of o(p).
2, 7
Let w be 0/((-2)/(-4 - -2)). Suppose -4*k - 2*g - 36 = 0, w*g = -3*g + 6. Let n = k + 21. What are the prime factors of n?
11
Let b(a) = 99*a**2 - 53*a - 3. What are the prime factors of b(6)?
3, 23, 47
Let n be 555/(-45) + (-1)/(-3). Let h(f) = 2*f**2 + 16*f - 13. What are the prime factors of h(n)?
83
Suppose -3*q = -5*t - 19, -4*q = -2*t - t - 29. Suppose -i + 3*i - q = 0. Suppose 3*x = -2*u + 2, -u - i = -3*x - 2*u. What are the prime factors of x?
2
Let u = 36 - 36. Suppose -y = 4*x - x - 376, 5*y - 20 = u. Suppose -44 - x = -3*m. List the prime factors of m.
2, 7
Let f(u) be the second derivative of -u**3/2 - 6*u**2 - 2*u. Let h be f(-5). Suppose t - h - 4 = 0. List the prime factors of t.
7
Let s = -3 - -6. Suppose 3*z - s*o = -8*o + 25, 2*z - 2*o = 22. What are the prime factors of (1 + 0)*(z + 5)?
3, 5
Let t = 66 - 60. Let u(z) = -4*z**3 + 4*z**2 - 5*z - 11. Let c(n) = n**3 + n**2 + 1. Let f(b) = -3*c(b) - u(b). List the prime factors of f(t).
2
Suppose -4*j = -z + 2*z + 7, 2*j - z + 11 = 0. Let k(l) = l + 7. Let h be k(j). Let c = 12 - h. List the prime factors of c.
2
Let c(u) = -285*u - 757. List the prime factors of c(-12).
2663
Let j(a) = 54*a + 2. Let y be j(1). Suppose 0*n - 7*n = -y. List the prime factors of n.
2
Suppose 613 = l + 3. What are the prime factors of l?
2, 5, 61
Suppose 3*c = -23 + 50. Let d = 29 - c. List the prime factors of d.
2, 5
Let o(j) = 744*j**2 - 4*j + 3. Let t be o(1). Suppose -5*u = 5*n - 740, 7*n + 4*u - t = 2*n. What are the prime factors of n?
151
Suppose -4*d + w = -15, -5*w - 18 = -4*d - 3*w. Suppose 8 = -2*q, -4*q + 73 = -d*i + 320. List the prime factors of i.
7, 11
Suppose 0 = 5*u - 4*b - 3042, 2*u = 4*u + 5*b - 1230. Let z = u + -427. What are the prime factors of z?
3, 61
Let v = 2275 + 473. List the prime factors of v.
2, 3, 229
Let q(g) = -g**2 + 25*g + 28. List the prime factors of q(21).
2, 7
Let i(y) = y**3 + 6*y**2 + 5*y + 2. Let l = 7 - 12. Let k be i(l). Suppose -4*f - m + 86 = -k*m, 0 = -3*f + 4*m + 71. What are the prime factors of f?
3, 7
Let s(t) = -19*t - 29. List the prime factors of s(-17).
2, 3, 7
Let n(x) = -x + 38. Let h be n(16). Let g be 1 + 1 + (-1 - 19). Let f = h + g. What are the prime factors of f?
2
Suppose 0 = -59*a + 69*a - 4180. What are the prime factors of a?
2, 11, 19
Suppose -7 = 4*l + 5*b, -1 = l - b + 2*b. Let n(o) = 17*o**2 + 3*o - 4. List the prime factors of n(l).
2, 5, 7
Suppose 82*t - 65*t - 29427 = 0. What are the prime factors of t?
3, 577
Let i(x) = x**2 - 1. Let j be i(1). Suppose -2*a = -j*a - 36. What are the prime factors of a/81 + 25/9?
3
Let x(m) = 59*m**2 - 3*m + 3. What are the prime factors of x(2)?
233
Let i be (-1)/1*-1*3. Let m be (-18 - -17)/((-1)/47). Suppose -31 = -i*t + m. What are the prime factors of t?
2, 13
Let t(x) = -49*x**3 + 4*x**2 - 5*x - 4. Let p(f) = -99*f**3 + 9*f**2 - 11*f - 9. Let z(w) = 4*p(w) - 9*t(w). Let b = -12 + 13. List the prime factors of z(b).
2, 23
Let o(u) be the third derivative of -u**6/120 + u**5/3 - 41*u**4/24 + 5*u**3/6 - 26*u**2. List the prime factors of o(17).
5, 7
Let b(i) = -i + 195. List the prime factors of b(-23).
2, 109
Suppose 3*p + 6 = 2*i, 2*p = -3*i - 2*p - 8. Suppose i = -4*z + 158 + 14. What are the prime factors of z?
43
What are the prime factors of 9/27*-9 + 2583?
2, 3, 5, 43
Let c be -4 - 26/(-4)*2. Suppose 3*w = -0*w - c. List the prime factors of -5*((2 - 6) + w).
5, 7
Let b(i) = -15 - 9*i - 5*i - 4*i + 4*i. What are the prime factors of b(-12)?
3, 17
Let k = -1033 + 1723. List the prime factors of 6/21 - k/(-35).
2, 5
Let f = -234 - -372. Suppose -9*o + f = -6*o. What are the prime factors of o?
2, 23
What are the prime factors of (978/10)/((-42)/(-210))?
3, 163
Let i(n) = -12*n**3 + 10*n**2 + 20*n - 40. List the prime factors of i(-7).
2, 2213
Let b(p) = 3*p**2 - 38*p - 320. List the prime factors of b(-11).
461
Let n = 3612 - 2005. List the prime factors of n.
1607
Suppose -50*g + 33*g + 10149 = 0. What are the prime factors of g?
3, 199
Suppose 4*n - 30 = 5*h, -12*n - 2*h = -7*n - 21. Suppose -n*l - 4*y + 25 = -5, -3*y = l - 17. List the prime factors of l.
2
Let l(b) = 15*b + 1. Let f be l(3). Let u = 32 - f. Let x = u + 31. List the prime factors of x.
17
Suppose -4*q - 4 = -6*q. What are the prime factors of (q/6)/(((-14)/(-948))/7)?
2, 79
Let y(i) = 2*i - 2. Let x be y(4). Suppose 4*z - 2*a + x = 0, 3*z - 2*a = 2*z + 3. What are the prime factors of (6/(-4))/(z/48)?
2, 3
Let h be ((-9)/6 + 2)/(2/28). Let i = -19 + 33. List the prime factors of (-4)/i + 121/h.
17
Let v = 5675 + -2891. List the prime factors of v.
2, 3, 29
Let h be (-8 + 2)/(-2 - -3). List the prime factors of h - -49 - (1 - 4).
2, 23
Let s be 22/(-2) - (8 - 7). Let q be -1*2*s/8. Suppose -g = q*b - 6, -2*g - b = g - 34. List the prime factors of g.
2, 3
Suppose 0 = -2*a + 2 + 10. Suppose -a*n + 129 = -111. List the prime factors of n.
2, 5
Suppose -2*r - 2*g + 1096 = 0, -5*r + 3*g = -0*r - 2708. List the prime factors of r.
2, 17
What are the prime factors of (-84 - -128)*(21 - 0)?
2, 3, 7, 11
Let k = 1090 - 613. List the prime factors of k.
3, 53
List the prime factors of -5*(-956)/(-16)*-4.
5, 239
Let u = -36 - -33. List the prime factors of (1*46)/((-2)/u).
3, 23
Let v(k) = -45*k + 88. List the prime factors of v(-6).
2, 179
Let o = 626 - -209. List the prime factors of o.
5, 167
Let q(p) = p. Suppose -6 = l + 2. Let f be q(l). Let x(c) = c**3 + 7*c**2 - 10*c + 6. What are the prime factors of x(f)?
2, 11
Suppose -2*o + 1134 - 2846 = -2*q, 2*q - 1718 = 5*o. List the prime factors of q.
2, 7, 61
Let n(l) = -7*l. Let i(t) = -t. Let x(h) = -6*i(h) + n(h). Let u be x(-4). What are the prime factors of (u/6)/(4/186)?
31
Suppose 132 = -0*b + 4*b. Suppose -s = 3*y + 8, 3*s - b = 2*y - 13. Suppose -2 + 3 = -u, -s*u = -i + 52. List the prime factors of i.
2, 3
Let q(o) = o**3 + 2*o + 4. Let j be q(0). Suppose 0 = -l - 0 - 1, -g - j*l + 55 = 0. What are the prime factors of g?
59
Let o = -51 + 40. Let h(d) = -d**2 - 13*d + 21. List the prime factors of h(o).
43
Let q(z) = -z**3 + z**2 + z + 4. Let l be q(0). Suppose -l*y - 3*o = -307, -y + 4*o = o - 58. List the prime factors of y.
73
Let s be (90/12)/((-2)/(-4)). Let b = 14 - s. What are the prime factors of (-84)/(-18)*(-3)/b?
2, 7
List the prime factors of 480 - ((-1)/(-2)*0)/(-2).
2, 3, 5
Suppose c - 19 + 8